 7*t(a). Let m be l(-6). Let v(o) = o + 4. Calculate v(m).
1
Let v be (51/6 - 1)*4. Suppose -3*g - k = -14, g + 5*k = v - 2. Let m(l) = -2*l + 7. Let u(x) = -x + 4. Let i(q) = 3*m(q) - 7*u(q). Calculate i(g).
-4
Suppose 0 = y + 8 - 7. Let a(q) = 16*q**2 - 1. Calculate a(y).
15
Let j(a) = -8 - 8*a**2 + a**3 + 0*a**3 + 1 + 4. Determine j(8).
-3
Let t(l) = 9*l**2 - 1 + 6*l + 4*l**2 - 9*l**2 - l**3. Give t(5).
4
Suppose -8*l + 20 + 12 = 0. Let j(c) = -c + 5. Determine j(l).
1
Let b(z) = z**2 + 3*z - 2. Let s be b(1). Let m(o) = s - 3 - 3*o - o + 3*o. Let a = 8 - 4. Calculate m(a).
-5
Let y(x) = -x**3 - 4*x**2 + 10*x + 22. Let u be y(-5). Let g(k) = -2*k**2 + 2*k + 4. Give g(u).
-20
Suppose -q = q + 2. Let k(t) = -2 + 3 + 8*t**2 - 3*t + 6 - 4*t**2. Let b(o) = -2*o**2 + o - 3. Let v(h) = 5*b(h) + 2*k(h). Calculate v(q).
-2
Let t(s) = -s**2 + s + 1. Suppose -30 = -5*f - d - 4*d, 27 = 5*f + 4*d. Suppose -4*v = f*q - 5, -2*v = -3*v + 2. Let x be (-2 + 4 + q)*-1. Calculate t(x).
-1
Let h = -9 + 12. Let c be h/(-1)*11/(-11). Let m(g) = -g + 2. Determine m(c).
-1
Let i(z) = -z**3 - z**2 + 2. Suppose -2*b + 6 = 2. Calculate i(b).
-10
Let b(o) be the third derivative of -o**4/24 - o**3/6 + 19*o**2. Calculate b(-5).
4
Let t = -9 + 4. Let p(u) = u**3 + 3*u**2 + 3*u - 3. Let x(v) = -2*v**3 - 5*v**2 - 7*v + 6. Let l(f) = -5*p(f) - 2*x(f). Give l(t).
8
Let l(v) = -4*v**2 + 2*v + 1. Let u(m) = -9*m**2 + 4*m + 1. Let z(t) = -7*l(t) + 3*u(t). Suppose 2*r - 4 = 2. Determine z(r).
-1
Suppose 0*u + 4 = u. Let a(n) = n**2 + 3*n + 1 + 0*n**2 - 2*n**2. Calculate a(u).
-3
Let z be 1/6 - (-38)/(-12). Let q = -8 - z. Let l(a) = -7*a + 6. Let c(n) = 4*n - 3. Let y(k) = -11*c(k) - 6*l(k). Give y(q).
7
Let c(h) = -2*h + 5. Suppose 0 = 3*r + 4*d - 8, 0 = -2*r + d + 8 + 1. What is c(r)?
-3
Suppose 14 = t - 5*q, -9 = 3*q + 3. Let k(w) = w**3 + 5*w**2 - 8*w - 5. Determine k(t).
7
Let t(d) be the second derivative of -d**4/12 + d**3/2 + 5*d**2/2 + d. Let p(s) = s**2 - 8*s - 5. Let b be p(9). Calculate t(b).
1
Let c(w) = -8 + 1 + 7 + 4*w + 3. Determine c(-4).
-13
Let k(p) = -4*p + 0*p**2 + 12*p**3 - 13*p**3 - 5 + 7*p**2. Give k(6).
7
Let m(o) = 2*o**2 + 2*o + 5. Let i(l) = -l**3 + 4*l**2 + 4*l + 11. Let s(p) = 2*i(p) - 5*m(p). Suppose -2*h = 3 + 1. What is s(h)?
9
Suppose x = -x + 4*s + 4, 4*x + 5*s = 8. Suppose 0 = p + x*p + 15. Let j(v) = -3*v - 7. Give j(p).
8
Let z(k) be the first derivative of -k**5/30 - k**4/12 - 2*k**3/3 + 1. Let d(i) be the third derivative of z(i). Let w be 6/4*(-16)/12. Calculate d(w).
6
Let v = 1 - 0. Let y = -5 + 13. Let j(i) = 5 - 5*i + 9*i**2 - v - y*i**2. Give j(4).
0
Let m be 1/(-1)*-1*-3. Let y(u) = -13*u**3 - 11*u**2 - 25*u - 5. Let h(n) = 3*n**3 + 3*n**2 + 6*n + 1. Let r(s) = -9*h(s) - 2*y(s). Determine r(m).
-5
Let y(h) be the first derivative of -h**3/6 + 4*h**2 - 3*h - 3. Let q(d) be the first derivative of y(d). What is q(0)?
8
Let i(r) = -r**3 - 4*r**2 + 7*r + 6. Let u be i(-5). Let q be 5/15 - u/6. Suppose -q = -v, -3*z - v - v = -11. Let h(d) = -d**2 - d + 1. Calculate h(z).
-11
Let c(t) be the first derivative of -1/3*t**3 + 4*t + 1/2*t**2 - 3. Determine c(0).
4
Let b(x) = 1 - 3 + 4 + 2*x. Calculate b(3).
8
Let g(j) = j**3 - 5*j**2 - 3*j + 10. Let o(k) = -2*k**3 + 11*k**2 + 7*k - 21. Let h(t) = -9*g(t) - 4*o(t). Calculate h(0).
-6
Let j(r) = -r - 2. Let k(y) = y**3 - 3*y**2 - 2*y + 3. Let s be k(3). Calculate j(s).
1
Let n(z) = -28 - 6*z + z**2 + 27 + 2*z. Calculate n(5).
4
Let j(x) be the first derivative of 2*x**3/3 + 2*x**2 + 3*x + 82. Suppose 2*u = -2*u - 12. Determine j(u).
9
Let d(n) = 7*n. Let c = 34 + -33. Determine d(c).
7
Let a(r) = -5*r + 27. Let j be a(6). Let c(s) = -s**2 - 2*s - 2. Calculate c(j).
-5
Let j(l) = 12*l + 7. Let d be j(-1). Let w(m) = 3*m**3 - 8*m**2 + m + 3. Let r(v) = -v**3 + v**2 + v. Let b(t) = 4*r(t) + w(t). Calculate b(d).
3
Let p(n) = -52 + 27 + 3*n**2 - 2*n**2 + n - n**3 + 24. Let d(v) = v + 8. Let q be d(-6). What is p(q)?
-3
Let s(j) = 0*j - 2*j - 11 - 5 - 24*j. Let q(v) = -1. Let u(k) = -5*k - 2. Let i(r) = -q(r) - u(r). Let f(g) = -16*i(g) - 3*s(g). Determine f(-3).
6
Let v(x) = -3*x**3 - 6*x**2 - 5*x + 8. Let a(b) = b**3 - 1. Let m(c) = 4*a(c) + v(c). What is m(7)?
18
Let p(s) be the second derivative of -s**3/3 - 4*s**2 - 6*s. Calculate p(-6).
4
Let a(f) = -9*f - 1. Let t(b) = 9*b + 1. Let x(v) = 7*a(v) + 6*t(v). Calculate x(1).
-10
Let r(b) = b**2 - 10*b + 10. Suppose -12*u + 117 = u. Give r(u).
1
Let p(u) be the second derivative of u**3/6 + u**2 - 4*u. Give p(8).
10
Suppose -2*f - 133 + 381 = 4*k, -2*k + 3*f = -116. Suppose 3*y + 4*j = 41, 4*y - j = y + k. Let s(w) = 4 - y*w - 3 + 29*w. What is s(-1)?
-9
Let z(b) = b**3 - 5*b**2 + 3*b - 1. Let g = -18 - -22. What is z(g)?
-5
Let b(w) = -w + 1. Let n(g) = -2*g**2 + 0 + 3*g**2 + 0. Let t be n(2). Suppose 0 = -j - 4*o + 22, 32 = t*j + 4*o - 2*o. Calculate b(j).
-5
Let b(r) be the second derivative of -r**5/20 + r**4/12 - r**3/6 + r**2/2 + 2*r. Suppose -2*m = -9*m. Give b(m).
1
Let m(v) = 2*v**3 - 7*v**2 - 5*v + 1. Let g(i) = -3*i**3 + 8*i**2 + 6*i - 1. Let k(l) = 6*g(l) + 7*m(l). Let q = -54 + 53. Give k(q).
3
Let b be (-4)/(-12) - 19/60. Let x(o) be the third derivative of -2*o**2 + 1/120*o**6 - 5/24*o**4 + 0 - b*o**5 + 1/2*o**3 + 0*o. Give x(3).
6
Let g(z) be the third derivative of -z**7/2520 + z**6/180 + z**5/20 + z**4/24 + 2*z**2. Let c(b) be the second derivative of g(b). Give c(6).
-6
Let m(i) = -i**2 - 9*i + 13. Let u be m(-10). Let b(c) = -2*c - 5. Let s(h) = h + 1. Let n(k) = b(k) + 3*s(k). What is n(u)?
1
Let f(k) = k**3 + k**2 - 2*k - 2. Let l = 42 + -44. Give f(l).
-2
Let a(f) = -f**3 + 6*f**2 + 5*f + 8. Let j = -44 - -51. Calculate a(j).
-6
Let f(t) be the first derivative of t**6/120 - t**5/60 - t**2/2 + 1. Let k(v) be the second derivative of f(v). Let o be 4/3 - (-6)/(-18). Determine k(o).
0
Let v(b) = b**3 - 4*b**2 + 2*b - 1. Let i be v(4). Let l(c) = -c**3 + 6*c**2 + 5*c + 10. Let t be l(i). Let z(x) = x + 4. What is z(t)?
0
Let g(x) = -x - 4. Let w be g(-6). Let l(p) = -2*p**3 + 3*p - 2. What is l(w)?
-12
Let c(a) = -a**3 - 5*a**2 + 6*a - 2. Suppose -23 = -2*q - 3*q + 3*t, -3*t + 13 = 4*q. Suppose -3*p - 1 + 10 = h, -14 = -h - q*p. Determine c(h).
-2
Let y(v) = -18*v**3 - 2*v**2 + 1. Suppose -k + 0*k + 5*h = -24, -3*h = -4*k + 11. What is y(k)?
17
Let z(u) be the first derivative of u**4/4 + 4*u**3/3 - 2*u**2 + 7*u + 32. Let m be (2/(-4))/((-2)/(-20)). Calculate z(m).
2
Suppose -3*u - u = -0*u. Let i(f) = f - 4. What is i(u)?
-4
Let z(s) = s + 4. Suppose 4*l = 4*g, 0 = -3*l + 6*g - 4*g + 2. Suppose -9 = l*r + 5. Give z(r).
-3
Let m(x) = 9*x + 1. Suppose 0 = -0*i - i - 1. Determine m(i).
-8
Let o(x) = 4*x - 1. Let k(z) = 4*z - 1. Let a(i) = -2*k(i) + 3*o(i). Let q be (4/2)/(1/(-1)). Let h = q - -4. Calculate a(h).
7
Let b(x) = x - 11. Let g be b(10). Let t be 0/2 + (g - 0). Let a(d) = -9*d - 6. Let k(u) = u + 1. Let m(p) = -a(p) - 6*k(p). Determine m(t).
-3
Let l(x) = -20*x**2 + 38*x. Let i(z) = 7*z**2 - 13*z. Let y(u) = 17*i(u) + 6*l(u). Give y(6).
6
Let s(j) be the first derivative of -j**3/3 + 5*j**2/2 - 6*j + 1. Let l be 19 - (2 - (-1 + 3)). Let a = l + -15. Give s(a).
-2
Let b(c) = -c**3 - 11*c**2 + c + 10. Suppose 12*n - 7 = -139. Calculate b(n).
-1
Let w be 98/10 - 4/(-20). Suppose -w = 4*r + r. Let d be (4 - r)*1/(-3). Let v(h) = -h**3 - 4*h**2 - 4*h - 3. Determine v(d).
-3
Suppose 2*a = 7*a. Let h(g) = a*g + g - g + g - 1. Determine h(4).
3
Let s be (-2 + -1)*2/(-6). Suppose 4*q + 10 = 26, -o + 2*q - 5 = 0. Let u(y) = -y**3 + 1 + o*y + 0*y**3 - 5*y + 2*y**2. What is u(s)?
0
Let l(s) = s + 2 + 5 - 3. Determine l(-8).
-4
Let z(l) = l**2 + 3*l - 7. Suppose -i = 2*i - 120. Suppose -5*t = 3*a - i, -4*t + 2*t + 2*a = -32. Suppose -g - h + 0 - 8 = 0, -3*h = -4*g - t. Calculate z(g).
3
Let j(a) = -a**2 + 6*a - 6. Let p(z) = z. Let x(u) = -j(u) + p(u). Let w(q) = q**2 - 2*q + 1. Let y be w(3). Give x(y).
2
Let g be (8/(-12))/((-2)/9). Let v(f) = f**3 - f**2 - 4*f. Give v(g).
6
Suppose 3*s + s - 14 = -3*h, -4*h = 5*s - 18. Let a(b) = b. Let m(v) = -v + 9. Let x(y) = s*a(y) + m(y). Calculate x(-5).
4
Let w be (-2 - -3) + 1 + 0. Let u(a) = 0*a**2 + a**w + 0 - 1 + a**3. Determine u(1).
1
Suppose -2*p + 14 = 4*l, 5*l + 4*p = 6*p +